 be a - (6 + 390/(-5) - 3). Calculate the highest common divisor of y and 162.
18
Let g be ((-74)/(-6))/((-2)/(-18)). Suppose m - 4*m = 6*m + 189. Let c be m/((-3)/(-1)) + 4 + g. Calculate the greatest common factor of c and 12.
12
Suppose -5*d + 2*c + 60 = 0, -2*c - 42 + 80 = 2*d. Let m = -355 + 537. What is the greatest common factor of m and d?
14
Let o(k) = k**3 - 3*k**2 + 11*k - 15. Let x be o(5). Let b(v) = 2*v**3 - 2*v**2 + 20. Let s be b(0). What is the greatest common divisor of s and x?
10
Let c = -59 - -61. Suppose x - 1 - 9 = 3*r, 0 = -c*x + 5*r + 17. Let a be x + ((-12)/(-3) - -45). What is the greatest common divisor of a and 10?
10
Suppose -40*v + 15*v - 8075 = 0. Let w = 383 + v. What is the greatest common divisor of w and 210?
30
Let n be 42*(3 + ((-30)/(-9))/(25/30)). What is the highest common factor of 6958 and n?
98
Let i be (1/((-3)/23898))/((-408)/1428). Calculate the highest common divisor of 49 and i.
49
Let l = 45 - 40. Suppose -2*f + 305 = 2*k - 3*k, 2*f + 3*k - 293 = 0. Suppose f = l*q - 59. Calculate the highest common divisor of 14 and q.
14
Let p be (0 - 690/(-4))*(-336)/(-120). What is the greatest common factor of p and 184?
23
Let s = -1021 + 2612. Calculate the greatest common factor of 43 and s.
43
Let i be ((-18)/15)/(2/(-5)). Suppose 3*b - i = 6. Suppose 18*j - 55 = -1. Calculate the greatest common divisor of j and b.
3
Suppose 67*u - 5700 = -114*u - 9*u. Calculate the highest common divisor of u and 6.
6
Suppose -1836 = -9006*c + 8997*c. Calculate the highest common factor of c and 324.
12
Let k be (-21395 - 1)*(8 + (-592)/64). What is the greatest common divisor of 15 and k?
15
Suppose -328 = -9*g + 47 + 300. Calculate the greatest common divisor of 135 and g.
15
Let g(w) = -2*w**3 + 51*w**2 + 105*w + 16. Let n be g(16). Calculate the highest common factor of n and 615.
205
Let r(s) = -s**3 - 4*s**2 + 24*s - 13. Let u be r(8). Let c = -251 - u. What is the greatest common factor of c and 26?
26
Suppose 4*s + 336 = -3*t - s, 2*t + s = -231. Let y be 9269/t + 2/9. Let n = y - -175. Calculate the highest common factor of n and 24.
24
Let h(r) = -r**3 - 6*r**2 + 5*r - 19. Let a = 428 + -436. Let l be h(a). Calculate the highest common factor of 6 and l.
3
Let m = 258 - -407. What is the greatest common divisor of m and 247?
19
Let y = -8429 - -8499. What is the greatest common divisor of 90 and y?
10
Suppose -13*k + 1588 + 474 + 2397 = 0. What is the greatest common factor of k and 441?
49
Suppose 0 = 72*d - 93*d + 105. Suppose -2*j - 369 = -5*j + 3*o, 0 = d*j + o - 621. Calculate the highest common divisor of 4 and j.
4
Suppose 3*a + 7*d = 1310, 3*a = -d + 4*d + 1260. Calculate the greatest common factor of 510 and a.
85
Let i(p) = 3*p**2 + 135*p - 7. Let z be i(-45). Let r be 12/2 + (5460/(-6))/z. Calculate the highest common factor of r and 34.
34
Let l be 0 + 22 + (2/(-55) - (-20824)/(-2090)). Suppose -512 = -p + 220. Calculate the greatest common factor of l and p.
12
Let j = 13 - -3. Suppose p + 2*w - 42 = 0, -w + 2 = -3. What is the greatest common factor of j and p?
16
Let v be 0 + (13 - (3 + -81)). What is the greatest common divisor of v and 217?
7
Let c be (-8 - (-6 + -2))/(-2). Suppose 17 = 5*s + 7. Suppose -4*d + f + 165 = c, 3*d + 0*f = -s*f + 110. What is the highest common divisor of 10 and d?
10
Let c = -132 - -135. Suppose -v - 7*y + 3*y + 140 = 0, -c*v + 2*y + 378 = 0. Calculate the greatest common factor of 16 and v.
16
Let d be ((-6)/7)/((-10)/35). Let g be 211 + (d + 26/(-6))*-3. What is the highest common factor of 86 and g?
43
Suppose 0 = -24*n + 50236 + 21684 - 13456. Calculate the greatest common divisor of n and 70.
14
Let k be 308 + (86/12 - 5/30) + -7. What is the highest common factor of 352 and k?
44
Let a be (-3 - (-94 - 1)) + (0 - 1)*1. What is the highest common factor of a and 8827?
91
Let o = -240771 - -240875. Suppose 0 = -3*b - 2*x + 26, -3*b + 4*b - 3*x = 5. Calculate the greatest common divisor of b and o.
8
Suppose -6*z + 48 = 4*c - z, -2*c + 3*z + 24 = 0. Let x(o) = -86 + 28 + 26 + 35 + o + o**2. Let l be x(2). Calculate the greatest common factor of l and c.
3
Let l(c) be the second derivative of c**4 - 33*c**3/2 - c + 2. Let x be l(13). Calculate the highest common divisor of x and 19.
19
Suppose -2440 = -5*b + 2*g, -3*g - 561 = -2*b + 404. Let z = 11499 - 11429. What is the highest common divisor of b and z?
70
Let g(f) = 146*f**2 - 35*f + 93. Let p be g(3). Calculate the greatest common divisor of 210 and p.
42
Suppose x + 1628 = 3*m, 1154 = 3*m + 2*x - 477. Let r = -343 + m. Calculate the greatest common factor of r and 50.
50
Suppose -c + 87 = 5*z, -3*z - c - 3 + 56 = 0. Suppose 0 = z*f - 18*f + 28. Let v = -5 - -47. Calculate the highest common divisor of f and v.
14
Suppose 37*f + 0*f - 777 = 0. Let o(s) = -s**2 + 27*s - 119. Let k be o(f). What is the greatest common factor of k and 833?
7
Suppose -57*m + 95*m + 46 = 160. Let v = -9 - -23. Let c = v - m. Calculate the highest common divisor of 33 and c.
11
Let f be (-4 + 5)/(2/54). Let d be (f + 3)*16/10. Suppose 95 = 5*k + 3*g + 20, -41 = -3*k - g. What is the greatest common factor of d and k?
12
Suppose -45*b - 4 = 4*t - 41*b, -9 = t + 3*b. Suppose -22*q + 5*z = -17*q - 55, -2*q + 22 = -t*z. Calculate the greatest common divisor of q and 341.
11
Let k(x) = x**2 - 35*x + 195. Let h be k(5). Let n(l) = -l**3 + 2*l**2 + 3*l - 1. Let y be n(2). Calculate the highest common divisor of h and y.
5
Suppose -a + 4*u = 35 - 1365, 3*a - 3958 = 4*u. What is the highest common factor of 146 and a?
146
Suppose 23*r = 22*r + 1664. Calculate the greatest common divisor of 128 and r.
128
Suppose -2*y = -3*s + 1246, -1614 = -4*s + 4*y + 50. Suppose 5*g - s = -4*g. What is the highest common factor of 92 and g?
46
Let d(g) = 493*g + 9873. Let v be d(-20). What is the greatest common factor of v and 4979?
13
Suppose -2*k - 8 = -2*g, 10*g - 5*g = 3*k + 22. Suppose 3*a = k + 167. What is the greatest common divisor of 8 and a?
8
Suppose 263*i + 142*i = 105*i + 912600. What is the greatest common factor of 306 and i?
18
Let t(x) = -55 - 4*x - 70 + 27 + 14*x. Let b be t(31). Calculate the highest common factor of 53 and b.
53
Let c = 146 + -69. Let g(w) = 982*w + 11795. Let s be g(-12). Calculate the greatest common factor of c and s.
11
Let p(f) = -103 - 63 + 1 + 15 + 6*f. Let v be p(27). Calculate the greatest common divisor of 108 and v.
12
Let o be -1 - -29 - (-5 - -4). Suppose 2 = -6*s - 4. Let v be s/(-2)*(-13)/(13/(-174)). What is the highest common divisor of o and v?
29
Let o be 3 - (-3 + 34 - -2). Let b be (o/(-12))/((-2)/4). Let s be b*(-6)/225 - (-1438)/15. What is the highest common divisor of s and 12?
12
Suppose 12337 - 9031 = 29*w. What is the greatest common factor of 3819 and w?
57
Let p(u) = 39*u**3 + 28*u - 48. Let s be p(8). What is the greatest common divisor of 16 and s?
16
Let t be 54/24 + 9 + (-1744112)/(-64). What is the greatest common factor of t and 199?
199
Let w = -118 - -119. Let j be (3 + 17)*w*1/1. Let z(o) = -9*o - 4. Let v be z(-6). Calculate the highest common factor of j and v.
10
Let k = -9 + 12. Suppose 20 = 24*a - 52. Suppose -4*r - u = -34, -a*r + u + 0*u = -29. What is the highest common factor of k and r?
3
Let i = 104 + -99. Suppose i*f + 152 = m, 5*m - f = 474 + 334. What is the greatest common factor of m and 18?
18
Let v = 68 - 33. Let r = -39 + v. Let w be 413/14 + 6/r. What is the highest common divisor of 252 and w?
28
Let f be -9 + 3534 + (-8 - -2)*(3 - 2). What is the highest common factor of 18 and f?
9
Let w = 1938 + -1831. What is the greatest common factor of 1819 and w?
107
Suppose -z = 2*q - 9, -6*q + 8*q - 2*z = 0. Suppose 3*h - q*k = 886 - 52, -1386 = -5*h + 3*k. Calculate the greatest common factor of h and 69.
69
Suppose 5 = -g + 1, 0 = -4*m + 3*g - 4. Suppose -6*r + r = 495. Let p be r/(m/(3 + 1)). What is the highest common divisor of 33 and p?
33
Let k be 43421/35 + -26 - (-6)/(-10). What is the highest common factor of k and 2?
2
Let o = -35 + 91. Suppose 0 = -5*y, 5*h - 114*y + 113*y = 35. Calculate the highest common factor of o and h.
7
Let y(n) = -n**3 + 75*n**2 + 524*n + 4. Let t be y(81). Calculate the greatest common divisor of 670 and t.
134
Let b 